{"id":2692,"date":"2017-03-27T11:42:15","date_gmt":"2017-03-27T09:42:15","guid":{"rendered":"http:\/\/www.salondulivre-pyreneen.fr\/?page_id=2692"},"modified":"2026-03-17T12:15:13","modified_gmt":"2026-03-17T10:15:13","slug":"exposer-au-salon-2","status":"publish","type":"page","link":"https:\/\/www.salondulivre-pyreneen.fr\/?page_id=2692","title":{"rendered":"Exposer"},"content":{"rendered":"<div>\n<p>Le Salon du Livre Pyr\u00e9n\u00e9en a pour vocation de mettre en valeur l&#8217;\u00e9dition, l&#8217;\u00e9criture, la repr\u00e9sentation des Pyr\u00e9n\u00e9es et plus largement des montagnes \u00e0 travers des \u0153uvres de tout style abordant aussi bien les r\u00e9alit\u00e9s politiques, sociales, \u00e9conomiques, environnementales, naturalistes et sensibles d&#8217;hier \u00e0 aujourd&#8217;hui et demain.<\/p>\n<p>Les documents vous permettant de\u00a0vous inscrire\u00a0\u00e0\u00a0la 16\u00e8me \u00e9dition du<strong> Salon du Livre Pyr\u00e9n\u00e9en<\/strong>\u00a0qui se d\u00e9roulera les\u00a0<strong>3 et 4 octobre 2026 :<\/strong><\/p>\n<\/div>\n<div>\u00a0 <a href=\"http:\/\/www.salondulivre-pyreneen.fr\/wp-content\/uploads\/2026\/03\/2026-courrier-inscription-exposants1.pdf\">Courrier inscription contenant les modalit\u00e9s pratiques<br \/>\n<\/a>\u00a0 <a href=\"http:\/\/www.salondulivre-pyreneen.fr\/wp-content\/uploads\/2026\/03\/2026-courrier-inscription-exposants1.pdf\">Bulletin d&#8217;inscription<br \/>\n<\/a>\u00a0 <a href=\"http:\/\/www.salondulivre-pyreneen.fr\/wp-content\/uploads\/2026\/03\/Reglement-SLP.pdf\">R\u00e9glement du salon du Livre Pyr\u00e9n\u00e9en<br \/>\n<\/a>\u00a0 <a href=\"http:\/\/www.salondulivre-pyreneen.fr\/wp-content\/uploads\/2026\/03\/OFFRE-HEBERGEMENT-SALON-DU-LIVRE-2026.pdf\"> Offre d&#8217;h\u00e9bergement de notre partenaire Carr\u00e9 Py h\u00f4tel.<\/a><\/div>\n<div><\/div>\n<p><\/p>\n<div><strong>e-mail : <\/strong>as.binaros@gmail.com<\/div>\n","protected":false},"excerpt":{"rendered":"<p>Le Salon du Livre Pyr\u00e9n\u00e9en a pour vocation de mettre en valeur l&#8217;\u00e9dition, l&#8217;\u00e9criture, la repr\u00e9sentation des Pyr\u00e9n\u00e9es et plus largement des montagnes \u00e0 travers des \u0153uvres de tout style abordant aussi bien les r\u00e9alit\u00e9s politiques, sociales, \u00e9conomiques, environnementales, naturalistes et sensibles d&#8217;hier \u00e0 aujourd&#8217;hui et demain. Les documents vous permettant de\u00a0vous inscrire\u00a0\u00e0\u00a0la 16\u00e8me \u00e9dition [&hellip;]<\/p>\n","protected":false},"author":1,"featured_media":0,"parent":0,"menu_order":3,"comment_status":"closed","ping_status":"closed","template":"","meta":{"footnotes":""},"class_list":["post-2692","page","type-page","status-publish","hentry"],"_links":{"self":[{"href":"https:\/\/www.salondulivre-pyreneen.fr\/index.php?rest_route=\/wp\/v2\/pages\/2692","targetHints":{"allow":["GET"]}}],"collection":[{"href":"https:\/\/www.salondulivre-pyreneen.fr\/index.php?rest_route=\/wp\/v2\/pages"}],"about":[{"href":"https:\/\/www.salondulivre-pyreneen.fr\/index.php?rest_route=\/wp\/v2\/types\/page"}],"author":[{"embeddable":true,"href":"https:\/\/www.salondulivre-pyreneen.fr\/index.php?rest_route=\/wp\/v2\/users\/1"}],"replies":[{"embeddable":true,"href":"https:\/\/www.salondulivre-pyreneen.fr\/index.php?rest_route=%2Fwp%2Fv2%2Fcomments&post=2692"}],"version-history":[{"count":5,"href":"https:\/\/www.salondulivre-pyreneen.fr\/index.php?rest_route=\/wp\/v2\/pages\/2692\/revisions"}],"predecessor-version":[{"id":7405,"href":"https:\/\/www.salondulivre-pyreneen.fr\/index.php?rest_route=\/wp\/v2\/pages\/2692\/revisions\/7405"}],"wp:attachment":[{"href":"https:\/\/www.salondulivre-pyreneen.fr\/index.php?rest_route=%2Fwp%2Fv2%2Fmedia&parent=2692"}],"curies":[{"name":"wp","href":"https:\/\/api.w.org\/{rel}","templated":true}]}}