{"id":2727,"date":"2017-03-27T12:46:29","date_gmt":"2017-03-27T10:46:29","guid":{"rendered":"http:\/\/www.salondulivre-pyreneen.fr\/?page_id=2727"},"modified":"2023-04-28T22:01:02","modified_gmt":"2023-04-28T20:01:02","slug":"actions","status":"publish","type":"page","link":"https:\/\/www.salondulivre-pyreneen.fr\/?page_id=2727","title":{"rendered":"Lire les Pyr\u00e9n\u00e9es"},"content":{"rendered":"<h3>Tribulations en montagne avec Adeline Loyau.<br \/>\nDocteure en \u00e9co-\u00e9thologie. Campan, le 13 mai 2023<\/h3>\n<p><img loading=\"lazy\" decoding=\"async\" class=\"alignnone size-full wp-image-5953\" src=\"http:\/\/www.salondulivre-pyreneen.fr\/wp-content\/uploads\/2023\/04\/Tribulations-W.jpg\" alt=\"T sRGB affiche chez jeanne 28 aout - diff Web\" width=\"600\" height=\"846\" \/><br \/>\n<strong>ADELINE LOYAU\u00a0:<\/strong><br \/>\nApr\u00e8s une th\u00e8se sur les comportements reproducteurs des paons bleus, ceux de nos parcs publics, cette chercheuse au Laboratoire d\u2019\u00e9cologie fonctionnelle et environnement de Toulouse travaille depuis plus de 10 ans sur le chytride, un champignon qui d\u00e9cime les populations de crapauds accoucheurs (alytes) dans les lacs pyr\u00e9n\u00e9ens. Et au-del\u00e0 de ce probl\u00e8me pr\u00e9cis, elle \u00e9tudie \u00ab la sant\u00e9 \u00bb des lacs pyr\u00e9n\u00e9ens et de leurs habitants.<br \/>\n\u00ab Les montagnes se d\u00e9gradent \u00bb constate-t-elle, une d\u00e9gradation aux multiples causes, du r\u00e9chauffement climatique \u00e0 l\u2019empoissonnement des lacs pour les p\u00eacheurs.<br \/>\nPour rendre cette recherche accessible \u00e0 un public plus large, pour montrer comment elle se pratique dans la montagne, dans les labos et les bureaux, pour dire joies, d\u00e9sillusions et impr\u00e9vus, elle d\u00e9cide d\u2019\u00e9crire un livre : Les tribulations d&#8217;une scientifique en montagne (\u00c9ditions Gl\u00e9nat Livres, 2022). Il re\u00e7oit le Prix du Livre Pyr\u00e9n\u00e9en \u2013 Connaissance 2022 attribu\u00e9 par l\u2019association Binaros.<br \/>\nAdeline Loyau int\u00e8gre dans son travail de chercheuse la transmission des savoirs au grand public. Sur le terrain, en allant au courtaou des Esclozes (au-dessus de Payolle), et en salle en fin d\u2019apr\u00e8s-midi, elle nous alertera sur la mauvaise sant\u00e9 de nos ruisseaux et lacs, sur les cons\u00e9quences que la disparition des amphibiens peut avoir.<br \/>\n<span style=\"color: #ff0000;\"><strong>Organisation Binaros, informations pratiques :<\/strong><\/span><br \/>\nSortie sur le terrain et pique-nique aux Esclozes, de 10 h \u00e0 15 h.<br \/>\n20 personnes maximum, inscriptions n\u00e9cessaires.<br \/>\nConf\u00e9rence-d\u00e9bat de 17 h \u00e0 19 h : O\u00f9 en sont les crapauds accoucheurs et autres batraciens dans nos lacs et ruisseaux pyr\u00e9n\u00e9ens ?<br \/>\nMus\u00e9e Carrefour des Patrimoines, Campan.<br \/>\nParticipation : Sortie et conf\u00e9rence 10 \u20ac, sortie ou conf\u00e9rence 6 \u20ac,<br \/>\nGratuit pour moins de 18 ans.<br \/>\nRenseignements, inscriptions :<br \/>\nCourriel : as.binaros@gmail.com ; t\u00e9l : 06 52 61 52 42<\/p>\n<h3>Dans &#8220;La montagne des Hautes-Pyr\u00e9n\u00e9es&#8221;<\/h3>\n<p><img loading=\"lazy\" decoding=\"async\" class=\"alignnone size-full wp-image-5969\" src=\"http:\/\/www.salondulivre-pyreneen.fr\/wp-content\/uploads\/2023\/03\/Lire-Binaros-Mars-23-S.jpg\" alt=\"Aulus\" width=\"600\" height=\"859\" \/><\/p>\n<p><img loading=\"lazy\" decoding=\"async\" class=\"alignnone size-full wp-image-5969\" src=\"http:\/\/www.salondulivre-pyreneen.fr\/wp-content\/uploads\/2022\/12\/Lire-avec-Binaros-23-dec-22-T.jpg\" alt=\"L'animal et la mort\" width=\"600\" height=\"860\" \/><\/p>\n<p><img loading=\"lazy\" decoding=\"async\" class=\"alignnone size-full wp-image-5969\" src=\"http:\/\/www.salondulivre-pyreneen.fr\/wp-content\/uploads\/2022\/12\/Prix-SLP-W.jpg\" alt=\"livres prim\u00e9s W\" width=\"600\" height=\"850\" \/><\/p>\n<p><img loading=\"lazy\" decoding=\"async\" class=\"alignnone size-full wp-image-5969\" src=\"http:\/\/www.salondulivre-pyreneen.fr\/wp-content\/uploads\/2022\/12\/LHypothe\u0300se-de\u0301mochratique-W.jpg\" alt=\"Hypoth\u00e8se d\u00e9mochratique W\" width=\"600\" height=\"843\" \/><\/p>\n<p><img loading=\"lazy\" decoding=\"async\" class=\"alignnone size-full wp-image-5969\" src=\"http:\/\/www.salondulivre-pyreneen.fr\/wp-content\/uploads\/2022\/12\/Tourisme-W.jpg\" alt=\"Tourisme W\" width=\"600\" height=\"847\" \/><\/p>\n<p><img loading=\"lazy\" decoding=\"async\" class=\"alignnone size-full wp-image-5969\" src=\"http:\/\/www.salondulivre-pyreneen.fr\/wp-content\/uploads\/2022\/12\/Vichy-W.jpg\" alt=\"Vichy W\" width=\"600\" height=\"843\" \/><\/p>\n<p><img loading=\"lazy\" decoding=\"async\" class=\"alignnone size-full wp-image-5969\" src=\"http:\/\/www.salondulivre-pyreneen.fr\/wp-content\/uploads\/2022\/12\/Relever-la-montagne-W.jpg\" alt=\"relever la montagne\" width=\"600\" height=\"850\" \/><\/p>\n<p><img loading=\"lazy\" decoding=\"async\" class=\"alignnone size-full wp-image-5969\" src=\"http:\/\/www.salondulivre-pyreneen.fr\/wp-content\/uploads\/2017\/03\/Homme-gouffre-W.jpg\" alt=\"Homme gouffre\" width=\"600\" height=\"840\" \/><\/p>\n<p><img loading=\"lazy\" decoding=\"async\" class=\"alignnone size-full wp-image-5969\" src=\"http:\/\/www.salondulivre-pyreneen.fr\/wp-content\/uploads\/2022\/12\/Lire-Dec-22.jpg\" alt=\"derni\u00e8re reine W\" width=\"600\" height=\"840\" \/><\/p>\n<p><img loading=\"lazy\" decoding=\"async\" class=\"alignnone size-full wp-image-5969\" src=\"http:\/\/www.salondulivre-pyreneen.fr\/wp-content\/uploads\/2017\/03\/Entre-fauves-W.jpg\" alt=\"Entre fauves W\" width=\"600\" height=\"835\" srcset=\"https:\/\/www.salondulivre-pyreneen.fr\/wp-content\/uploads\/2017\/03\/Entre-fauves-W.jpg 600w, https:\/\/www.salondulivre-pyreneen.fr\/wp-content\/uploads\/2017\/03\/Entre-fauves-W-216x300.jpg 216w\" sizes=\"auto, (max-width: 600px) 100vw, 600px\" \/><\/p>\n","protected":false},"excerpt":{"rendered":"<p>Tribulations en montagne avec Adeline Loyau. Docteure en \u00e9co-\u00e9thologie. Campan, le 13 mai 2023 ADELINE LOYAU\u00a0: Apr\u00e8s une th\u00e8se sur les comportements reproducteurs des paons bleus, ceux de nos parcs publics, cette chercheuse au Laboratoire d\u2019\u00e9cologie fonctionnelle et environnement de Toulouse travaille depuis plus de 10 ans sur le chytride, un champignon qui d\u00e9cime les [&hellip;]<\/p>\n","protected":false},"author":1,"featured_media":0,"parent":2722,"menu_order":3,"comment_status":"closed","ping_status":"closed","template":"","meta":{"footnotes":""},"class_list":["post-2727","page","type-page","status-publish","hentry"],"_links":{"self":[{"href":"https:\/\/www.salondulivre-pyreneen.fr\/index.php?rest_route=\/wp\/v2\/pages\/2727","targetHints":{"allow":["GET"]}}],"collection":[{"href":"https:\/\/www.salondulivre-pyreneen.fr\/index.php?rest_route=\/wp\/v2\/pages"}],"about":[{"href":"https:\/\/www.salondulivre-pyreneen.fr\/index.php?rest_route=\/wp\/v2\/types\/page"}],"author":[{"embeddable":true,"href":"https:\/\/www.salondulivre-pyreneen.fr\/index.php?rest_route=\/wp\/v2\/users\/1"}],"replies":[{"embeddable":true,"href":"https:\/\/www.salondulivre-pyreneen.fr\/index.php?rest_route=%2Fwp%2Fv2%2Fcomments&post=2727"}],"version-history":[{"count":4,"href":"https:\/\/www.salondulivre-pyreneen.fr\/index.php?rest_route=\/wp\/v2\/pages\/2727\/revisions"}],"predecessor-version":[{"id":6649,"href":"https:\/\/www.salondulivre-pyreneen.fr\/index.php?rest_route=\/wp\/v2\/pages\/2727\/revisions\/6649"}],"up":[{"embeddable":true,"href":"https:\/\/www.salondulivre-pyreneen.fr\/index.php?rest_route=\/wp\/v2\/pages\/2722"}],"wp:attachment":[{"href":"https:\/\/www.salondulivre-pyreneen.fr\/index.php?rest_route=%2Fwp%2Fv2%2Fmedia&parent=2727"}],"curies":[{"name":"wp","href":"https:\/\/api.w.org\/{rel}","templated":true}]}}